Suppose 9 = 3*f + 3*m, -5*m = 2*f - 1 + 10. Let y be r/(-6)*f/14. Let p(b) = 3*b**2 + 4*b + 3. Calculate p(y).
7
Let a(g) be the first derivative of -g**4/4 + 4*g**3/3 - g**2/2 - 3*g + 18. Let p be (-1 + 0)/((-19)/57). What is a(p)?
3
Let r = 185 + -93. Let z(m) = -r - 4*m + 47 + 44 + 3*m - m**2 - 2*m**3. Determine z(-1).
1
Let w(l) be the third derivative of l**5/60 + l**4/12 + l**3/6 - l**2 - 117. What is w(-6)?
25
Suppose -4*v - k = 12, 2*v - 4*k - 8 = -2*v. Let j(s) = -7*s - 7. Suppose 0 = 4*q - 21 + 5. Let u(x) = -6*x - 6. Let y(d) = q*j(d) - 5*u(d). Give y(v).
-2
Let t(c) = c + 1. Let z = -1 + 19. Suppose -4*s + 2*p = 60, -s - 2*p + 18 = -2*s. Let v = s + z. Calculate t(v).
5
Let r(z) = z**2 + 3. Suppose f - 4*f = 66. Suppose -4*x = 5*j - 48 - 67, -2*j + 3*x + 23 = 0. Let m = f + j. Give r(m).
12
Let x(r) = -6*r + 25. Let l be x(3). Let j(k) = 5*k**2 + 3 - 6*k**2 - 6*k**2 + k**3. Give j(l).
3
Suppose 0 = -2*u - 2*f + 12, f = -3*u + 2*f + 18. Let k(l) = 7*l - 6 - l - 4*l. Calculate k(u).
6
Let w(z) = 6*z - 3. Let i(l) = 5*l - 9. Let f(r) = -1. Let y(n) = 5*f(n) - i(n). Let x(p) = 4*w(p) + 5*y(p). Give x(7).
1
Let g be 26/(-65) + 102/30. Let o(w) be the second derivative of -7*w - 5/12*w**4 - 1/20*w**5 + 0*w**g + 0 - w**2. Determine o(-5).
-2
Suppose 6*l - 7 = -3*k + l, l + 21 = 5*k. Suppose -24 = -3*z + k*d, 2 + 1 = -d. Let m(v) = -v**3 + 10*v**2 - 8 + z - 4*v - 3*v**2 - 3*v. Give m(6).
-10
Let s(r) = 5*r**2 - 5*r + 6. Let n(z) = 4*z**2 - 5*z + 6. Let t(v) = -4*n(v) + 3*s(v). Let a(o) = -o**3 - 16*o**2 + 26*o - 176. Let g be a(-18). Give t(g).
-2
Let k(t) = t**3 + 5*t**2 + 2*t - 2. Let d be k(-5). Let y = d - -12. Let x(g) = g + 16. What is x(y)?
16
Let c(l) = -6*l + 8. Let z be (4/10)/(13/65). What is c(z)?
-4
Let i(y) = y**3 - 6*y**2 - y - 4. Let j(s) = s**3 - 7*s**2 - s - 5. Let k(x) = 3*i(x) - 2*j(x). What is k(4)?
-6
Suppose 22 = -3*s + 6*s - 2*b, -2*s = -2*b - 18. Suppose 4*v = -0*v - y + 12, s*v = y + 12. Let o(u) = -u - u**v + 0*u**3 + 0*u + u**2 + 2 - 4. Calculate o(2).
-8
Let a be 64/20 - (-2)/(-10). Let l(x) = -7 - a*x**2 + 4*x - 8*x**3 + 24*x**3 - 17*x**3 - x**2. Give l(-5).
-2
Let p(n) = 25*n**3 + 0*n**2 - 7 - 17*n**3 + 4*n**2 - 9*n**3 + 5*n. What is p(5)?
-7
Let d(n) = 9*n**2 + 23 - 2 - 10*n - 13*n**2 + 3*n**2 - 4*n. Give d(-16).
-11
Let l be -3 - (0 + -3) - 1. Let w(j) be the second derivative of 0 + 0*j**2 - 8*j + 0*j**4 - 1/6*j**3 - 7/20*j**5. Calculate w(l).
8
Let a(r) = 5*r**2 - 11*r + 51. Let l(f) = -3*f**2 + 5*f - 26. Let d(g) = 4*a(g) + 7*l(g). Calculate d(-10).
12
Let r be (1 + -4)*(-3 - -2). Let b(i) = 1 + 2*i**3 - 7*i**3 - 1 - 4*i + 6*i**3 - 2*i**2. What is b(r)?
-3
Let b(o) = 7*o + 3. Let n(r) = -36*r - 14. Let t(i) = 16*b(i) + 3*n(i). Suppose 56 = -5*h - 9*h. Determine t(h).
-10
Let p(m) = -m**3 - 3*m**2 + 3*m + 11. Let n(v) = -2*v**3 - 6*v**2 + 5*v + 23. Let y(j) = -3*n(j) + 7*p(j). What is y(-4)?
0
Let f(s) = -s**3 - 6*s**2 - 4*s + 6. Let m = -10 - -11. Suppose 36 = -4*t + 4*d, 2*t - m = 4*d - 27. What is f(t)?
1
Suppose -8 = 3*n - 14. Let v(h) be the second derivative of 1/12*h**4 + 3*h**n + 0 + 0*h**3 + h. Calculate v(0).
6
Let f(z) be the third derivative of z**4/4 - z**3/6 - 76*z**2. Suppose 5*g - 3*g = -2. Calculate f(g).
-7
Let b = 193 - 200. Let m(c) = c**2 + 11*c + 8. What is m(b)?
-20
Let m(o) = 27 - 4*o + 5*o - 23. Give m(-13).
-9
Let l be -2 - (6/10 + (-123)/30). Let j(n) be the second derivative of 1/2*n**3 + 0 - 2*n + l*n**2. What is j(-2)?
-3
Suppose 7 = -2*n + 17. Let k(q) = 5*q + n + 0 - 6 + 0. Determine k(4).
19
Let j = -12 - -13. Suppose -4*l - j = 5*f, -l - f = 2*f + 9. Let x(p) = -1 + 7 + l*p + p**2 + p - 2*p. Determine x(-5).
6
Let z(n) be the second derivative of n**3/3 - 7*n**2/2 + 2*n - 7. What is z(6)?
5
Let f(u) = u**3 - 2*u**2. Let z(h) = 2*h - 10. Let n be z(5). Suppose -3 = 3*k - n. Let o be k - ((-1)/(-1) - 4). Determine f(o).
0
Let n(d) = -d**2 + 4*d**2 - 2 - 11*d**2 + 3*d**2 + d**3 - 7*d. Give n(6).
-8
Suppose 2*y = 21 + 11. Let s be y/(-40) - (-54)/10. Let p(n) = -n + s*n - 2*n - 4. What is p(-3)?
-10
Let x(a) = -9*a - 15. Let m(g) be the third derivative of -g**4/6 - 4*g**3/3 + 3*g**2. Let j(h) = 5*m(h) - 2*x(h). Calculate j(-7).
4
Let f(a) be the first derivative of -a**4/4 + 11*a**3/3 - 13*a**2/2 + 12*a - 15. Give f(10).
-18
Suppose 0 = -2*v - 4*f - f + 33, -4*v - 9 = -5*f. Suppose 2*z - 2*q = 12, v*z + q = -q + 24. Let m(t) = 1 + 3*t + 5 - z. Give m(2).
6
Let h(a) = 9*a - 5. Let q(c) = 4*c - 3. Let f(j) = -j + 4. Let w be f(7). Let z(i) = w*h(i) + 7*q(i). Give z(8).
2
Suppose 2*m + 23 = 93. Let w be ((-12)/(-21))/(10/m). Let s(k) = k**3 - k. Determine s(w).
6
Let r(g) = g**2 - 3*g - 3. Let l be r(4). Suppose 37 = -6*s + l. Let v(x) = -x**2 - 6*x - 6. Calculate v(s).
-6
Let w(h) = -h**3 + 8*h**2 + 2*h - 24*h**2 + 6*h**2 + 3 + 6*h**2. Suppose n + 1 = -1. Let l = -6 - n. Determine w(l).
-5
Let a(j) be the first derivative of -j**4/4 + 2*j**3 - j**2/2 - 3*j - 254. Calculate a(6).
-9
Let m(u) = -55*u + 35*u + 8 + 19*u. Determine m(6).
2
Let y be (-1 - -6) + (-5 - -14 - 6). Let f(r) = -y + 5 - 4*r + 1. Determine f(-2).
6
Let x(q) = 3 + 399*q**2 + 17*q**3 - 228*q**2 - 2 + 2*q - 171*q**2. Let g = -3 + 2. Determine x(g).
-18
Let i(w) be the third derivative of 2/3*w**3 + 0*w + 0 + 1/4*w**4 - 47*w**2 - 1/60*w**5. Calculate i(7).
-3
Let q(h) = -h**3 + 3*h**2 - 15*h**2 - h**2 + 2 + 6*h**2 + 4 - 2*h. Give q(-6).
-18
Let a(p) = 2*p**2 + 2*p - 6. Let y(g) = -2*g**3 + 44*g**2 + g - 25. Let i be y(22). Determine a(i).
6
Let c(m) = 2 + 81*m**2 + m - 82*m**2 + 17*m**3 - 2. What is c(1)?
17
Let w(m) = -3*m - 8. Suppose -4*h + l - 10 = 0, 5*l + 0*l - 6 = -2*h. Let q be w(h). Let y be (-18)/6 + 2 + q. Let c(f) = -2*f**2 - f. What is c(y)?
-15
Let o be 1*2 - (11 + -13). Let w(p) = 1 + 0*p + 1 - o - p. What is w(-1)?
-1
Let d(t) be the third derivative of -t**5/60 - t**4/8 + t**3/3 + t**2. Let r be 4/(-2)*(-1 - 156/(-8)). Let x = -42 - r. What is d(x)?
-8
Suppose 131*p + 40 = 141*p. Let h(a) be the first derivative of a**2 - 2*a**3 - 8 + 1/4*a**p - 7*a. Give h(6).
5
Suppose 4 = -2*v + 4*v. Suppose 0 = 4*w - 2*w - 4. Let j(n) = w*n + 2 - n - 8*n + n**v. Give j(5).
-8
Let c(z) = -78 + 45 - 3*z + 34. Calculate c(-3).
10
Let a(i) = -6*i + 44*i**2 - 80*i**2 + 2 + 35*i**2. Give a(-3).
11
Suppose 4*r + 2*g - 19 = g, -2*r + 4*g = 4. Suppose -w + 3*a - 32 = 3*w, -4*w - r*a = 4. Let l(z) = z**2 + 2*z - 5. Calculate l(w).
10
Let w(m) = m**3 + 2*m**2 - m + 2. Let l be w(2). Suppose -7*h + 5*h + l = 0. Let a(o) = o**3 - 8*o**2 - 5. Calculate a(h).
-5
Let a(p) = -5*p + 15. Let v(i) = 4*i - 14. Let z(b) = 3*a(b) + 4*v(b). Suppose -c - w + 15 = -3*w, -5*c = 5*w - 15. Calculate z(c).
-4
Let a(t) = -5*t**2 - 21*t - 19. Let p(w) = 2*w**2 + 7*w + 6. Let q(x) = -3*a(x) - 8*p(x). Let k(y) be the first derivative of q(y). Calculate k(6).
-5
Suppose 5*p - 17 = -s, -s + 5*p - 21 = 12. Let y(l) = -l**3 - 8*l**2 + l + 5. Determine y(s).
-3
Let a(t) = t**2 + 7*t + 3. Suppose 5*n + 1 = -34. Let g be a(n). Let z(f) = 106*f**2 + f + g*f - 105*f**2. Calculate z(-4).
0
Let z be (-1 + 22/(-6))*3. Let l = -11 - z. Let f(m) = 1 - 4 + 2*m + 2 - m**2 - m**l + 0*m**3. Give f(-2).
-1
Suppose -5*z + 7*z + 12 = 4*c, -3*c - 3*z = 0. Let y(m) = 11*m - 7. Give y(c).
15
Let w(f) be the second derivative of 0 + 13*f + 3/2*f**2 + 1/6*f**3. Determine w(6).
9
Suppose 3*v - 6*l + 9 = -3*l, 3*l + 11 = -v. Let n(g) = 2*g**2 - 7*g - 13. Let w(k) = -3*k**2 + 14*k + 23. Let t(r) = 5*n(r) + 3*w(r). Calculate t(v).
-6
Let b(o) = 9*o**3 + 14*o**2 - 24*o + 12. Let t(k) = -7*k**3 - 14*k**2 + 22*k - 11. Let r(x) = 4*b(x) + 5*t(x). Calculate r(13).
6
Let k(q) = q**3 - q**2 - 6*q + 23. Let m(n) = -3*n**3 + 4*n**2 + 18*n - 67. Let b(x) = -17*k(x) - 6*m(x). Calculate b(8).
27
Suppose -10 = 3*i + 2*c + 2*c, -3*c = -i + 14. Let r(h) = 0*h**3 - h**3 - 26 + 6*h**i + 29. Let v(q) = q**2 - 6*q + 6. Let o be v(6). Calculate r(o).
3
Let v = -755 + 760. Let z(o) = -5*o + 4. Calculate z(v).
-21
Let x(u) = u**2 - 4*u + 3. Let d = 494 - 492. Determine x(d).
-1
Let y(a) = 1. Let s(c) = -3*c**2 - 7*c - 8. Let g(q) = -s(q) - 5*y(q). Let i(v) = -4*v**2 - 5*v - 2. Let l(b) = 2*g(b) + 3*i(b). Calculate l(1).
-7
Let u be (-4)/(-5)*(-75)/10. Let v(i) = i**3 + 7*i**2 + 6*i + 8.